{"id":8741,"date":"2024-01-16T12:50:11","date_gmt":"2024-01-16T11:50:11","guid":{"rendered":"https:\/\/qscanner.nl\/angebot\/"},"modified":"2025-08-08T13:33:13","modified_gmt":"2025-08-08T11:33:13","slug":"angebot","status":"publish","type":"page","link":"https:\/\/phi-taal-zijn.eu\/de\/angebot\/","title":{"rendered":"Angebot"},"content":{"rendered":"<section class=\"l-section wpb_row height_small\"><div class=\"l-section-h i-cf\"><div class=\"g-cols vc_row via_grid cols_1 laptops-cols_inherit tablets-cols_inherit mobiles-cols_1 valign_top type_default stacking_default\"><div class=\"wpb_column vc_column_container\"><div class=\"vc_column-inner\"><div class=\"g-cols wpb_row via_grid cols_2 laptops-cols_inherit tablets-cols_inherit mobiles-cols_1 valign_top type_default stacking_default\" style=\"--columns-gap:3rem;\"><div class=\"wpb_column vc_column_container\"><div class=\"vc_column-inner\"><div class=\"wpb_text_column\"><div class=\"wpb_wrapper\"><p>\u201eArbeitsformen\u201c klingt so starr. Das ist es, was ich nicht will. Das Leben ist, wie Sie an anderer Stelle lesen k\u00f6nnen, eine Quelle bewegter Energie, in der alles miteinander verbunden ist. \u201eUnd so ist es gut\u201c \u2013 steht das nicht in der Bibel am Ende der Sch\u00f6pfungsgeschichte?<\/p>\n<p>Meine Erfahrungen und Begegnungen im Leben haben mir gezeigt, dass es viel mehr zwischen Himmel und Erde gibt. Dass es neben der regul\u00e4ren Gesundheitsversorgung auch andere Wege gibt, um zu heilen und sich wohlzuf\u00fchlen.<\/p>\n<\/div><\/div><\/div><\/div><div class=\"wpb_column vc_column_container\"><div class=\"vc_column-inner\"><div class=\"wpb_text_column\"><div class=\"wpb_wrapper\"><p>In der Zeit, in der wir leben, geschieht und ver\u00e4ndert sich viel. Die Geschwindigkeit, mit der dies geschieht, ist manchmal kaum nachzuvollziehen. Viele von uns sind auf die eine oder andere Weise \u00fcberlastet, was sich auf verschiedene Weisen \u00e4u\u00dfern kann. Dar\u00fcber hinaus gibt es viele Fragen wie: \u201eWarum geschieht das, warum gerade mir, warum muss gerade mir das passieren, ich kann das nicht, ich mache es nicht gut, warum bin ich nur so \u00e4ngstlich, traurig\u2026..?\u201c<\/p>\n<\/div><\/div><\/div><\/div><\/div><div class=\"w-separator size_medium\"><\/div>[vc_custom_heading text=&#8220;ICH BRAUCHE RUHE, um zu mir selbst zu finden!&#8220; font_container=&#8220;tag:h6|text_align:left&#8220; use_theme_fonts=&#8220;yes&#8220;]<div class=\"wpb_text_column\"><div class=\"wpb_wrapper\"><p>Auf dieses tiefe Bed\u00fcrfnis, das jeder Mensch hat, gehe ich ein. Das kann auf verschiedene Weisen geschehen, denn jeder hat seine eigene Frage und sein eigenes Bed\u00fcrfnis. Ich nutze die Dinge, die ich lernen und durchleben durfte. Bei allem, was ich tue, wird die zugrunde liegende Linie sein, Ihnen die Stille in sich selbst wiederfinden oder erfahren zu lassen.<\/p>\n<\/div><\/div><\/div><\/div><\/div><\/div><\/section>\n","protected":false},"excerpt":{"rendered":"\u201eArbeitsformen\u201c klingt so starr. Das ist es, was ich nicht will. Das Leben ist, wie Sie an anderer Stelle lesen k\u00f6nnen, eine Quelle bewegter Energie, in der alles miteinander verbunden ist. \u201eUnd so ist es gut\u201c \u2013 steht das nicht in der Bibel am Ende der Sch\u00f6pfungsgeschichte? Meine Erfahrungen und Begegnungen im Leben haben mir...","protected":false},"author":1,"featured_media":0,"parent":0,"menu_order":0,"comment_status":"closed","ping_status":"closed","template":"","meta":{"footnotes":""},"class_list":["post-8741","page","type-page","status-publish","hentry"],"_links":{"self":[{"href":"https:\/\/phi-taal-zijn.eu\/de\/wp-json\/wp\/v2\/pages\/8741","targetHints":{"allow":["GET"]}}],"collection":[{"href":"https:\/\/phi-taal-zijn.eu\/de\/wp-json\/wp\/v2\/pages"}],"about":[{"href":"https:\/\/phi-taal-zijn.eu\/de\/wp-json\/wp\/v2\/types\/page"}],"author":[{"embeddable":true,"href":"https:\/\/phi-taal-zijn.eu\/de\/wp-json\/wp\/v2\/users\/1"}],"replies":[{"embeddable":true,"href":"https:\/\/phi-taal-zijn.eu\/de\/wp-json\/wp\/v2\/comments?post=8741"}],"version-history":[{"count":2,"href":"https:\/\/phi-taal-zijn.eu\/de\/wp-json\/wp\/v2\/pages\/8741\/revisions"}],"predecessor-version":[{"id":8743,"href":"https:\/\/phi-taal-zijn.eu\/de\/wp-json\/wp\/v2\/pages\/8741\/revisions\/8743"}],"wp:attachment":[{"href":"https:\/\/phi-taal-zijn.eu\/de\/wp-json\/wp\/v2\/media?parent=8741"}],"curies":[{"name":"wp","href":"https:\/\/api.w.org\/{rel}","templated":true}]}}

<section class="l-section wpb_row height_small"><div class="l-section-h i-cf"><div class="g-cols vc_row via_grid cols_1 laptops-cols_inherit tablets-cols_inherit mobiles-cols_1 valign_top type_default stacking_default"><div class="wpb_column vc_column_container"><div class="vc_column-inner"><div class="g-cols wpb_row via_grid cols_2 laptops-cols_inherit tablets-cols_inherit mobiles-cols_1 valign_top type_default stacking_default" style="--columns-gap:3rem;"><div class="wpb_column vc_column_container"><div class="vc_column-inner"><div class="wpb_text_column"><div class="wpb_wrapper"><p>„Arbeitsformen“ klingt so starr. Das ist es, was ich nicht will. Das Leben ist, wie Sie an anderer Stelle lesen können, eine Quelle bewegter Energie, in der alles miteinander verbunden ist. „Und so ist es gut“ – steht das nicht in der Bibel am Ende der Schöpfungsgeschichte?</p>
<p>Meine Erfahrungen und Begegnungen im Leben haben mir gezeigt, dass es viel mehr zwischen Himmel und Erde gibt. Dass es neben der regulären Gesundheitsversorgung auch andere Wege gibt, um zu heilen und sich wohlzufühlen.</p>
</div></div></div></div><div class="wpb_column vc_column_container"><div class="vc_column-inner"><div class="wpb_text_column"><div class="wpb_wrapper"><p>In der Zeit, in der wir leben, geschieht und verändert sich viel. Die Geschwindigkeit, mit der dies geschieht, ist manchmal kaum nachzuvollziehen. Viele von uns sind auf die eine oder andere Weise überlastet, was sich auf verschiedene Weisen äußern kann. Darüber hinaus gibt es viele Fragen wie: „Warum geschieht das, warum gerade mir, warum muss gerade mir das passieren, ich kann das nicht, ich mache es nicht gut, warum bin ich nur so ängstlich, traurig…..?“</p>
</div></div></div></div></div><div class="w-separator size_medium"></div>[vc_custom_heading text=&#8220;ICH BRAUCHE RUHE, um zu mir selbst zu finden!&#8220; font_container=&#8220;tag:h6|text_align:left&#8220; use_theme_fonts=&#8220;yes&#8220;]<div class="wpb_text_column"><div class="wpb_wrapper"><p>Auf dieses tiefe Bedürfnis, das jeder Mensch hat, gehe ich ein. Das kann auf verschiedene Weisen geschehen, denn jeder hat seine eigene Frage und sein eigenes Bedürfnis. Ich nutze die Dinge, die ich lernen und durchleben durfte. Bei allem, was ich tue, wird die zugrunde liegende Linie sein, Ihnen die Stille in sich selbst wiederfinden oder erfahren zu lassen.</p>
</div></div></div></div></div></div></section>

„Arbeitsformen“ klingt so starr. Das ist es, was ich nicht will. Das Leben ist, wie Sie an anderer Stelle lesen können, eine Quelle bewegter Energie, in der alles miteinander verbunden ist. „Und so ist es gut“ – steht das nicht in der Bibel am Ende der Schöpfungsgeschichte? Meine Erfahrungen und Begegnungen im Leben haben mir...
